 the remainder when 3395 is divided by 1021.
332
Calculate the remainder when 18783 is divided by 9249.
285
What is the remainder when 835 is divided by 303?
229
What is the remainder when 1902 is divided by 39?
30
Calculate the remainder when 42639 is divided by 371.
345
Calculate the remainder when 5940 is divided by 1906.
222
Calculate the remainder when 20447 is divided by 757.
8
Calculate the remainder when 433 is divided by 23.
19
Calculate the remainder when 5133 is divided by 5086.
47
What is the remainder when 232925 is divided by 25879?
14
Calculate the remainder when 42346 is divided by 777.
388
What is the remainder when 36073 is divided by 401?
384
Calculate the remainder when 17933 is divided by 52.
45
What is the remainder when 14173 is divided by 318?
181
Calculate the remainder when 3455 is divided by 28.
11
Calculate the remainder when 10974 is divided by 613.
553
Calculate the remainder when 2846699 is divided by 17.
15
What is the remainder when 1007 is divided by 227?
99
What is the remainder when 67022 is divided by 21?
11
What is the remainder when 223572 is divided by 180?
12
Calculate the remainder when 8271 is divided by 183.
36
Calculate the remainder when 17803 is divided by 1369.
6
Calculate the remainder when 2384 is divided by 531.
260
What is the remainder when 12651 is divided by 12648?
3
What is the remainder when 1083651 is divided by 8?
3
Calculate the remainder when 137436 is divided by 14.
12
What is the remainder when 5052991 is divided by 366?
361
Calculate the remainder when 7339 is divided by 585.
319
Calculate the remainder when 1074 is divided by 181.
169
What is the remainder when 472511 is divided by 118123?
19
What is the remainder when 46779 is divided by 339?
336
What is the remainder when 78981 is divided by 17?
16
Calculate the remainder when 1032 is divided by 377.
278
What is the remainder when 9305 is divided by 3737?
1831
Calculate the remainder when 23421 is divided by 37.
0
Calculate the remainder when 21936 is divided by 52.
44
Calculate the remainder when 3233 is divided by 596.
253
Calculate the remainder when 41042 is divided by 94.
58
What is the remainder when 11079 is divided by 20?
19
Calculate the remainder when 603842 is divided by 3.
2
Calculate the remainder when 75774 is divided by 87.
84
Calculate the remainder when 8011 is divided by 64.
11
What is the remainder when 6947 is divided by 178?
5
What is the remainder when 821 is divided by 179?
105
What is the remainder when 1047270 is divided by 523612?
46
Calculate the remainder when 7313 is divided by 41.
15
Calculate the remainder when 35891 is divided by 251.
249
Calculate the remainder when 487871 is divided by 84.
83
Calculate the remainder when 107056 is divided by 53526.
4
What is the remainder when 244398 is divided by 65?
63
Calculate the remainder when 486 is divided by 144.
54
Calculate the remainder when 90418 is divided by 30.
28
What is the remainder when 4378 is divided by 280?
178
What is the remainder when 3402 is divided by 89?
20
Calculate the remainder when 2651 is divided by 2649.
2
What is the remainder when 31727 is divided by 547?
1
Calculate the remainder when 432 is divided by 85.
7
Calculate the remainder when 25684 is divided by 12835.
14
Calculate the remainder when 555254 is divided by 1124.
1122
Calculate the remainder when 45270 is divided by 15087.
9
Calculate the remainder when 16348 is divided by 3978.
436
Calculate the remainder when 1819197 is divided by 960.
957
What is the remainder when 849 is divided by 169?
4
Calculate the remainder when 143202 is divided by 38.
18
Calculate the remainder when 96091 is divided by 4.
3
Calculate the remainder when 68155 is divided by 841.
34
Calculate the remainder when 37023 is divided by 52.
51
Calculate the remainder when 3063 is divided by 1375.
313
Calculate the remainder when 1372 is divided by 277.
264
Calculate the remainder when 1109 is divided by 569.
540
Calculate the remainder when 17412 is divided by 24.
12
Calculate the remainder when 9151 is divided by 257.
156
Calculate the remainder when 368 is divided by 362.
6
What is the remainder when 87495 is divided by 1481?
116
What is the remainder when 6938 is divided by 2248?
194
What is the remainder when 158222 is divided by 14?
8
What is the remainder when 9354 is divided by 4602?
150
Calculate the remainder when 12379 is divided by 59.
48
What is the remainder when 20801 is divided by 17?
10
Calculate the remainder when 148156 is divided by 65.
21
What is the remainder when 29881 is divided by 328?
33
What is the remainder when 396 is divided by 10?
6
Calculate the remainder when 16046 is divided by 173.
130
What is the remainder when 1881 is divided by 105?
96
Calculate the remainder when 13456 is divided by 39.
1
What is the remainder when 635067 is divided by 10?
7
What is the remainder when 68606 is divided by 54?
26
What is the remainder when 38197 is divided by 261?
91
Calculate the remainder when 1552 is divided by 68.
56
What is the remainder when 8987 is divided by 519?
164
What is the remainder when 8036 is divided by 1331?
50
What is the remainder when 31955 is divided by 15975?
5
Calculate the remainder when 21926 is divided by 1071.
506
Calculate the remainder when 1513 is divided by 1487.
26
Calculate the remainder when 4236 is divided by 6.
0
Calculate the remainder when 2305 is divided by 1097.
111
Calculate the remainder when 3291 is divided by 627.
156
Calculate the remainder when 22380 is divided by 478.
392
Calculate the remainder when 24115 is divided by 775.
90
What is the remainder when 51795 is divided by 166?
3
Calculate the remainder when 3391917 is divided by 180.
177
Calculate the remainder when 1793 is divided by 913.
880
Calculate the remainder when 692783 is divided by 1224.
1223
Calculate the remainder when 12461 is divided by 605.
361
Calculate the remainder when 20259 is divided by 162.
9
Calculate the remainder when 2663 is divided by 658.
31
What is the remainder when 231603 is divided by 26?
21
Calculate the remainder when 539572 is divided by 21.
19
Calculate the remainder when 664691 is divided by 59.
56
Calculate the remainder when 3346 is divided by 41.
25
Calculate the remainder when 861405 is divided by 7.
6
Calculate the remainder when 2136 is divided by 390.
186
What is the remainder when 57644 is divided by 135?
134
Calculate the remainder when 43984 is divided by 181.
1
What is the remainder when 15119 is divided by 1415?
969
Calculate the remainder when 440038 is divided by 110007.
10
What is the remainder when 28275 is divided by 202?
197
What is the remainder when 75892 is divided by 280?
12
What is the remainder when 215416 is divided by 396?
388
Calculate the remainder when 45216 is divided by 2511.
18
Calculate the remainder when 17356 is divided by 8661.
34
Calculate the remainder when 833 is divided by 768.
65
Calculate the remainder when 11358 is divided by 871.
35
What is the remainder when 1801136 is divided by 57?
50
Calculate the remainder when 12342 is divided by 2393.
377
Calculate the remainder when 158504 is divided by 574.
80
What is the remainder when 369020 is divided by 51?
35
What is the remainder when 934 is divided by 415?
104
What is the remainder when 910 is divided by 337?
236
What is the remainder when 1791 is divided by 597?
0
What is the remainder when 276934 is divided by 20?
14
What is the remainder when 381 is divided by 165?
51
What is the remainder when 126631 is divided by 21100?
31
What is the remainder when 1163 is divided by 289?
7
What is the remainder when 151065 is divided by 75523?
19
What is the remainder when 213401 is divided by 15241?
27
What is the remainder when 157197 is divided by 30?
27
What is the remainder when 228 is divided by 42?
18
What is the remainder when 109786 is divided by 86?
50
What is the remainder when 96082 is divided by 32002?
76
What is the remainder when 879189 is divided by 208?
181
What is the remainder when 1337645 is divided by 1550?
1545
Calculate the remainder when 20213 is divided by 44.
17
What is the remainder when 8674 is divided by 241?
239
Calculate the remainder when 3634 is divided by 155.
69
Calculate the remainder when 172 is divided by 36.
28
Calcu